What is the highest common factor of 53 and v?
1
Let u be (3/(-4) - (-126)/(-56))/(-1). Suppose -2*q - u*q + 121 = -i, -3*q + 71 = i. What is the highest common factor of 12 and q?
12
Suppose -3*z - 356*y = -352*y - 5152, 0 = z - 2*y - 1714. What is the highest common divisor of z and 24?
12
Suppose 9*w - 4*w = 20. Suppose w + 66 = 5*q. Let o = q - 6. What is the highest common factor of o and 24?
8
Suppose 0 = 9*q + 160 - 619. Calculate the highest common divisor of 204 and q.
51
Let c be 2262/24 + 4 + (-26)/8. What is the greatest common factor of 30 and c?
5
Suppose 6*v - 67 = 11. Calculate the greatest common divisor of 637 and v.
13
Let t be (-189 - -193) + -1 + -3 + 1. What is the greatest common factor of t and 4?
1
Suppose -m - 4*g + 55 = -9*g, -3*g + 39 = m. Calculate the highest common divisor of 450 and m.
45
Let x(o) = 4*o - 64. Let c(w) = 11*w - 193. Let h(p) = -6*c(p) + 17*x(p). Let m be h(-25). Calculate the greatest common divisor of m and 5.
5
Suppose 10*j = 514 + 3336. What is the highest common divisor of j and 35?
35
Let w = -550 - -568. What is the highest common divisor of w and 558?
18
Suppose 142 + 29 = 9*i. Let g be (1 + i)/(40/24 - 1). Calculate the greatest common divisor of g and 75.
15
Suppose -10 + 42 = 2*t. Calculate the greatest common factor of t and 256.
16
Let o(q) = -q**3 - 3*q**2 - 2*q + 7. Let i be o(-5). What is the highest common divisor of i and 201?
67
Let s(y) = 3*y**2 - 7*y - 26. Let r be s(9). What is the greatest common divisor of r and 33?
11
Let c(k) = k**3 - 9*k**2 + 8*k + 1. Let l be c(8). Let b(p) = 18*p**3 - p**2 + 2*p. Let u be b(l). What is the greatest common factor of u and 209?
19
Let j = 259 - 242. Calculate the greatest common divisor of j and 153.
17
Let y = -2 + 5. Suppose -y*s - s + 16 = 0. Let p(v) = -345*v - 686. Let a be p(-2). Calculate the greatest common factor of s and a.
4
Suppose s - 4 = 6. Let u(v) = -v**3 - 2*v**2 + 6*v + 7. Let n be u(-4). Let x = n + -13. What is the greatest common divisor of s and x?
2
Let r(k) = k**2 - 24*k + 97. Let b be r(5). What is the highest common divisor of b and 4?
2
Let y be (617 + 1)*41/123. Let v = 207 - y. Let x = 10 + -7. Calculate the greatest common divisor of x and v.
1
Let t(j) = j**3 - 13*j**2 + 13*j - 8. Let q be t(12). Suppose -q*o = -o - 120. Suppose 2*n - 63 = 137. What is the highest common factor of o and n?
20
Suppose c = -5*v - 3, -3*v = 2*c - 14 - 1. Suppose 4*u - 3 = 1. Let p be u*9/(-6)*-56. What is the greatest common factor of p and c?
12
Suppose k - 1 = 0, -43*k + 563 = 5*i - 40*k. What is the highest common divisor of i and 84?
28
Let o = 0 - -5. Suppose 12 = -o*f + 3*u + 36, 12 = 3*f - 3*u. Let t(x) = -x**2 + 8*x - 9. Let g be t(f). What is the greatest common factor of 33 and g?
3
Suppose 36*s - 1345 = 1427. Calculate the highest common divisor of 33 and s.
11
Suppose 3*k + 2 + 319 = 0. Let w = -22 - k. Suppose -m - 42 = -4*o + 26, 0 = 2*o + 2*m - 34. Calculate the greatest common factor of o and w.
17
Suppose 9*z + 489 = 561. What is the highest common factor of z and 32?
8
Suppose 5*u + 49 = 2*o, -u + 78 - 13 = 3*o. Suppose 3*g = -2*g - 1340. Let q = 422 + g. Calculate the greatest common divisor of q and o.
22
Suppose 3*x - 7*x = 0. Suppose -4*h + 13 + 7 = x. What is the highest common divisor of 40 and h?
5
Let k(a) = -11*a + 34. Let x be k(-2). What is the highest common divisor of 756 and x?
28
Let k = 24 + -12. Let m = k - -17. Calculate the greatest common divisor of 29 and m.
29
Let s = -343 - -508. Suppose -8*h = -5*h - 48. Suppose -v + w + 14 = 0, -3*v - w = -2*v - h. Calculate the greatest common divisor of s and v.
15
Let t(i) = -16*i - 54. Let v be t(-8). What is the highest common divisor of 37 and v?
37
Let a(d) = -2*d**2 + 13*d - 6. Let f be a(5). What is the greatest common divisor of f and 225?
9
Let d be 4/((-12)/(-21)) + -2. Let c be (-1 - (-15)/d) + 452. Suppose -166 + c = 3*x. Calculate the greatest common divisor of 12 and x.
12
Suppose 0*j + 171 = j. Suppose -i + 2*c + 19 = 0, -5*i = 5*c - 13 - 82. Calculate the greatest common factor of i and j.
19
Let x = 1353 - 849. Suppose 0 = 9*m - 306 - x. Calculate the greatest common factor of m and 135.
45
Let s = 85 + -37. Let q(x) = x**2 + 7*x - 12. Let k be q(-9). Calculate the greatest common divisor of s and k.
6
Let j be ((-119)/(-119))/(1 - (-811)/(-812)). Calculate the greatest common divisor of 140 and j.
28
Let y be (8/(-12))/(2/(-9)). Suppose o + y*o - 80 = 0. Suppose -o = -8*r + 3*r. What is the greatest common divisor of r and 44?
4
Suppose -5*d + 17 + 3 = 0. Let u be 5*(-424)/(-180) + d/18. What is the greatest common factor of 60 and u?
12
Let h be 1 + (3 - (7 + -2)). Let a be 31 - (-1 + h + 1). Suppose -56 = -2*o - 5*o. What is the greatest common divisor of o and a?
8
Let i = 50 + -50. Suppose 2*y + i*y - 3*x - 27 = 0, -5*y + x + 35 = 0. What is the greatest common factor of y and 9?
3
Suppose -2180*c = -2175*c - 510. What is the greatest common divisor of 969 and c?
51
Suppose -2*l - 4*p + 14 = 0, 6*l - 3*l = 3*p + 39. Let y(x) = 11 + 75*x**2 + 7 - 17 - x. Let b be y(-1). Calculate the highest common factor of b and l.
11
Let r(g) = 7*g - 12. Let d(i) = -3*i - 17. Let v be d(-7). Let t be r(v). Calculate the highest common factor of t and 128.
16
Suppose g - 51 = 14. Let z(y) = y + 17. Let u be z(-14). Suppose 5*k + 4*w - 73 = 0, u*w - w + 9 = k. Calculate the highest common divisor of g and k.
13
Suppose 12*r + 25*r - 1887 = 0. What is the greatest common factor of 153 and r?
51
Let d = -18 + 17. Let q be (d*2 - -10)/(3/24). What is the greatest common divisor of q and 160?
32
Let b = -139 - -205. What is the greatest common divisor of 6 and b?
6
Let h be (-1)/4*(2 - 10). Suppose -9*m = -4*m - n - 89, 4*m - h*n - 76 = 0. What is the greatest common divisor of 153 and m?
17
Let v = 49 + 7. Suppose 0 = -18*d + 10*d + 64. Calculate the highest common factor of v and d.
8
Let h = -5 + 0. Let w be 38*(h/(-2) - 2). Suppose -4*n = -5*x + 23, -2*x + 5*n + w = x. What is the greatest common divisor of 24 and x?
3
Let p be (7 + -8)/(1/(-13)) + 1. What is the highest common divisor of p and 280?
14
Let p = 1043 + -945. What is the highest common divisor of 294 and p?
98
Suppose 0 = -775*f + 760*f + 3690. What is the greatest common divisor of f and 328?
82
Let x = -109 + 174. Suppose -5*c = 3*t + 2*t - x, 2*c = 3*t - 39. Calculate the highest common factor of t and 247.
13
Suppose 5 = -g - 15. Let i = 132 - g. What is the highest common factor of 19 and i?
19
Let m(b) = 24*b**2 + 19*b + 1. Let w be m(-5). Calculate the greatest common divisor of 22 and w.
22
Let o(v) = 240*v**2 + 16*v + 24. Let u be o(-2). Calculate the highest common divisor of u and 68.
68
Let s be 3/(-2)*(-40)/90*60. Let f(a) = 6*a - 4. Let h be f(4). Suppose -2*d - 2*d + h = 0. Calculate the greatest common factor of s and d.
5
Suppose i - 68 = -4*l, 8 = -0*l + l - 2*i. Let t be (108/l)/((-6)/(-16)). Calculate the highest common divisor of t and 72.
18
Let b be 112*((-32)/(-10) - (-264)/(-220)). Calculate the greatest common divisor of b and 42.
14
Let t(y) = -y**2 - y + 9. Let a be t(0). Suppose -10*x - 162 = -13*x. Suppose 3*l + x = 5*l. Calculate the highest common divisor of l and a.
9
Let j be (38/(-57))/(2/3) + 5. Calculate the highest common divisor of 10 and j.
2
Suppose -139 = -26*f - 35. What is the highest common factor of f and 12?
4
Suppose -4*c = -7*c - 84. Let j = 47 + c. Calculate the greatest common divisor of 152 and j.
19
Let d = -26 + 43. Let t = 34 - 35. Let z be (3 - (-118 + 0)) + 2/t. Calculate the greatest common factor of z and d.
17
Let p be (-2972)/(-8) + (-20)/(-8). Calculate the highest common factor of 11 and p.
11
Let v = -974 + 1001. Calculate the highest common divisor of v and 108.
27
Let f be ((-1)/(-2))/(5/1010) - -3. Suppose -4*r - 5*h + 89 = -25, 0 = 3*h - 6. Calculate the greatest common divisor of r and f.
26
Let n be 1806 - ((-20)/100 - 1/(-5)). Calculate the greatest common divisor of n and 42.
42
Let z be -4*3/(-1 + -5). Suppose 4*h - 42 = h. What is the greatest common divisor of h and z?
2
Let m = 12 + -9. Suppose 4*n = z + 12, -m = -0*z + 3*z - n. Suppose z = -4*q + 21 + 23. What is the greatest common factor of q and 7